{"id":3579,"date":"2023-05-30T16:30:51","date_gmt":"2023-05-30T16:30:51","guid":{"rendered":"https:\/\/eyepicerie.com\/?post_type=product&#038;p=3579"},"modified":"2023-05-30T16:43:57","modified_gmt":"2023-05-30T16:43:57","slug":"assiette-decoree-drapeau-erythreen","status":"publish","type":"product","link":"https:\/\/eyepicerie.com\/index.php\/product\/assiette-decoree-drapeau-erythreen\/","title":{"rendered":"Assiette d\u00e9cor\u00e9e drapeau Erythr\u00e9en \u1265\u12eb\u1272 \u1263\u1295\u12f4\u122b"},"content":{"rendered":"","protected":false},"excerpt":{"rendered":"","protected":false},"featured_media":3582,"comment_status":"open","ping_status":"closed","template":"","meta":{"_joinchat":[]},"product_brand":[],"product_cat":[63],"product_tag":[],"class_list":{"0":"post-3579","1":"product","2":"type-product","3":"status-publish","4":"has-post-thumbnail","6":"product_cat-traditional-artifacts","8":"first","9":"instock","10":"shipping-taxable","11":"purchasable","12":"product-type-simple","13":"add-to-wishlist-after_add_to_cart"},"_links":{"self":[{"href":"https:\/\/eyepicerie.com\/index.php\/wp-json\/wp\/v2\/product\/3579","targetHints":{"allow":["GET"]}}],"collection":[{"href":"https:\/\/eyepicerie.com\/index.php\/wp-json\/wp\/v2\/product"}],"about":[{"href":"https:\/\/eyepicerie.com\/index.php\/wp-json\/wp\/v2\/types\/product"}],"replies":[{"embeddable":true,"href":"https:\/\/eyepicerie.com\/index.php\/wp-json\/wp\/v2\/comments?post=3579"}],"wp:featuredmedia":[{"embeddable":true,"href":"https:\/\/eyepicerie.com\/index.php\/wp-json\/wp\/v2\/media\/3582"}],"wp:attachment":[{"href":"https:\/\/eyepicerie.com\/index.php\/wp-json\/wp\/v2\/media?parent=3579"}],"wp:term":[{"taxonomy":"product_brand","embeddable":true,"href":"https:\/\/eyepicerie.com\/index.php\/wp-json\/wp\/v2\/product_brand?post=3579"},{"taxonomy":"product_cat","embeddable":true,"href":"https:\/\/eyepicerie.com\/index.php\/wp-json\/wp\/v2\/product_cat?post=3579"},{"taxonomy":"product_tag","embeddable":true,"href":"https:\/\/eyepicerie.com\/index.php\/wp-json\/wp\/v2\/product_tag?post=3579"}],"curies":[{"name":"wp","href":"https:\/\/api.w.org\/{rel}","templated":true}]}}